est common divisor of 77 and v.
11
Let c be (0 + (-40)/25)*-60. Suppose 6*z + 2*z = c. What is the greatest common divisor of z and 24?
12
Suppose -288 = g - 3*g. Let r = 13 + -11. Let l be r/(-4) - 66/(-4). Calculate the highest common divisor of g and l.
16
Suppose -4*h - 4*b + 8 = 0, 0*h + h - 4*b - 27 = 0. Let c = -6 - -27. Suppose -9*k = -6*k - c. Calculate the greatest common factor of h and k.
7
Let j be (504/(-30))/((-3)/10). Let y be 6*(2 - (-1 + 1)). Suppose -3*r + 5 + y = k, 0 = k + r - 11. Calculate the greatest common divisor of k and j.
8
Let u(q) = q**2 + q - 1. Let j(k) = 3*k**2 - 7*k + 5. Let t(d) = -j(d) + 2*u(d). Let h be t(8). What is the highest common factor of 1 and h?
1
Suppose -5*v = -7*v + 8. Let i be 54/v - 1/2. What is the greatest common factor of i and 39?
13
Suppose z - 11 = 4*f - 8*f, 5*z - 3*f - 78 = 0. Suppose 9 = -14*x + z*x. Calculate the highest common factor of x and 9.
9
Let z = -42 - -59. Let h be 4 - 5/((-30)/384). Calculate the greatest common factor of h and z.
17
Suppose -16 + 4 = -6*b. Let h be 97 + -2 + b + 2 - 0. Calculate the highest common divisor of h and 11.
11
Suppose -4*r = -3*y + 113 - 290, -2*r = -4*y - 96. Let s be 511/r - (-1)/(-6). What is the greatest common divisor of s and 96?
12
Let w(x) = -x**2 + 7*x + 20. Let z be w(9). Suppose z = y - 10. Let j = 83 + -23. Calculate the greatest common factor of y and j.
12
Suppose 3*s + 157 - 4 = 0. Let i be 2/4 - 6465/6. Let r be 6/(-51) + i/s. What is the greatest common divisor of 63 and r?
21
Let x(z) = -3*z + 0*z - 1 + z**2 - 5. Let i be x(5). Let t be 6/15 - (-18)/5. Calculate the greatest common factor of i and t.
4
Let k(j) = j**3 - j**2 + 20. Let i = 1 + 17. Let b = i - 18. Let r be k(b). What is the highest common factor of 140 and r?
20
Suppose 4*u = c - 18, -2*c + 6 + 30 = -u. Calculate the highest common divisor of c and 882.
18
Let l = -441 - -535. What is the greatest common factor of l and 1034?
94
Let y = 1375 + -799. Let o = 1383 - 1319. Calculate the greatest common divisor of o and y.
64
Let q(x) = x**2 + x - 1. Let y be q(-3). Suppose z - 3*b = y - 1, 5*z = -3*b + 2. Calculate the greatest common divisor of 9 and z.
1
Suppose 2*q + 0*q = -4*n + 28, q - 3*n = -11. Let r be 9/(-36) + 721/q. Calculate the highest common factor of 20 and r.
20
Suppose -74 = 3*f - 62, -5*d - 5*f = 15. Suppose 4*y + 9 - 27 = 2*h, 0 = 5*y - 5*h - 20. Calculate the greatest common factor of d and y.
1
Let z be 176/12*(-1)/((-12)/18). Suppose 0 = -j - 3*h + 63, 2 = -3*h - 1. Calculate the greatest common divisor of j and z.
22
Let l(n) = -9*n + 14. Let k be l(1). Calculate the greatest common factor of 5 and k.
5
Let a be 3/4*(6 - (1 - 3)). Suppose -g + 116 = 2*r, -3*g - 320 = -a*g + r. Calculate the greatest common factor of 12 and g.
12
Let k = 142 - -386. Suppose -k = -5*j + j. Let c(z) = 2*z**3 - 134*z**2 - z + 89. Let a be c(67). What is the highest common divisor of j and a?
22
Let w be -6*(16/(-6) - 2). Let x = w + -10. Suppose 4*n + 144 = 12*n. Calculate the highest common divisor of x and n.
18
Suppose 0 = -4*q + 16, 5*q = 6*x - 4*x - 72. Let k be 14/(-21) + 832/6. What is the highest common factor of k and x?
46
Suppose -5*m = -3*h + 57 - 13, 5*h = 5*m + 60. Calculate the highest common factor of 9 and h.
1
Let x(y) = y**2 + 2*y + 19. Let s be x(-13). What is the highest common factor of s and 6?
6
Let m(z) = -4*z + 48. Let t be m(12). Suppose l + 4*v - 54 = t, 2*v - 29 = l - 107. Calculate the highest common divisor of l and 10.
10
Suppose 0 = -20*q + 23*q - 132. What is the greatest common divisor of 11 and q?
11
Let q(w) = 2*w**2 - 5*w + 1. Let n be q(4). Suppose -n = g - 40. Let y(v) = v**2 + 4*v - 3. Let z be y(3). What is the greatest common divisor of g and z?
9
Let m be (26/12)/(-1*8/(-48)). Suppose -q - 347 = -2*x - x, -5*q = 4*x - 488. Calculate the highest common divisor of x and m.
13
Suppose -2*u + 91 = -203. Let n = 3435 - 3414. What is the greatest common divisor of n and u?
21
Suppose 3 = 3*f - f - w, 0 = 3*w - 9. Suppose -y + f*h - 10 = 3, 0 = -5*y + h + 5. Calculate the highest common factor of y and 18.
2
Let o = 861 + -739. Calculate the greatest common factor of o and 3050.
122
Let d(v) = -20*v. Suppose 2*q + 6 = -5*k - 9, -2*q = -5*k + 5. Let f be d(k). Let z be (f/3)/((-10)/(-15)). Calculate the highest common factor of 80 and z.
10
Let l = -14 - -16. Suppose 3 = 5*h - l*h. Suppose 2*o - 71 = -h. What is the greatest common factor of o and 7?
7
Let v(k) = k**3 + 9*k**2 + 8*k. Let m be v(-7). Suppose -5*r - 2 = -2*y, -7*r - 4 = -9*r. What is the greatest common divisor of m and y?
6
Let g(y) = -y**2 + 4*y. Let h be g(3). Let z = -4 - -10. Let d(b) = -b**3 + 8*b**2 - 7*b - 3. Let a be d(z). Calculate the greatest common divisor of a and h.
3
Suppose -5032 = -18*z + 1664. Calculate the greatest common divisor of z and 31.
31
Let y(a) = 4*a. Let x(p) = -9*p + 1. Let q(i) = -3*x(i) - 7*y(i). Let n be q(-5). Suppose n*g - 6*g = -252. Calculate the highest common divisor of 9 and g.
9
Let p = 9 + 9. Suppose 0 = -2*z + p*z - 80. Calculate the greatest common divisor of 5 and z.
5
Let d(b) = -10*b + 52. Let c be d(11). Let s = c - -89. What is the highest common divisor of s and 62?
31
Let f = 583 - 581. Let y(p) = -4*p - 5. Let t be y(-4). What is the highest common divisor of t and f?
1
Suppose 3*j - 68 = -2*q, -q - 102 = -5*j - 6. Suppose 878 + 422 = 5*r. Calculate the greatest common divisor of r and j.
20
Suppose -86 = -5*r + 24. Let o = -11 + r. Suppose 2*g + v + o = 6*g, -g = -v - 5. Calculate the highest common divisor of 18 and g.
2
Let g = 41 - -80. Let u(w) be the third derivative of -w**6/120 - w**4/12 - w**3/6 - 25*w**2. Let n be u(-2). Calculate the highest common factor of g and n.
11
Let c = -243 + 279. What is the greatest common divisor of 348 and c?
12
Let w(p) = -4*p + 5*p - 14*p**2 - 6 + 19*p**3 - 18*p**3. Let t be w(14). What is the greatest common divisor of t and 20?
4
Suppose -3*m = -2*z - 3*z - 30, 0 = 2*m - 2*z - 16. Suppose -m*y + 13*y = 3168. What is the greatest common factor of 36 and y?
36
Suppose -3*h - b + 109 = 0, 2*h + 39 = 3*h + 3*b. Calculate the greatest common divisor of 30 and h.
6
Let p = 1 - -7. Let i(s) = -22*s - 480. Let r be i(-22). Calculate the highest common divisor of r and p.
4
Let g(k) = k**2 - 8*k + 17. Let s be g(5). Suppose 621 = 5*m - 3*n, 2*n - s = 3*n. What is the highest common factor of m and 41?
41
Suppose -3*i = -4*f + 5*f + 239, -2*f - 244 = 3*i. Let a = 142 + i. What is the highest common divisor of 16 and a?
16
Let x(b) = b**3 + 12*b**2 + 15*b + 11. Let u be x(-11). Let c = -23 - u. Let f(a) = -7*a - 9. Let d be f(-7). Calculate the greatest common factor of c and d.
10
Let r(g) = 4*g**2 - 55*g + 24. Let t be r(16). Calculate the greatest common divisor of t and 18.
6
Let m(t) = t**3 + 8*t**2 - 22*t - 1. Let f be m(-5). What is the greatest common divisor of 16 and f?
8
Let x(v) = 28*v + 23*v + 25*v + 4 - 77*v. Let d = 3 + -11. Let f be x(d). Calculate the highest common factor of f and 24.
12
Let s = -10 + 12. Suppose -s*g + 0 = -24. Calculate the greatest common divisor of g and 24.
12
Let i be -35*((-384)/(-20))/(-12). Calculate the greatest common divisor of 32 and i.
8
Let l(c) = -c + 1. Let w(y) = 2*y - 1. Let m(d) = l(d) + w(d). Let f be m(-1). Let b be (2/f)/((-1)/8). What is the highest common divisor of b and 24?
8
Let z be (-5)/((-1)/30*5). Let b(k) = k - 5. Let w(f) = -60. Let r(j) = 60*b(j) - 5*w(j). Let i be r(1). Calculate the highest common divisor of z and i.
30
Suppose 16*p - 14*p - 2*l - 2338 = 0, 2*l + 3504 = 3*p. Calculate the highest common divisor of p and 424.
106
Suppose 0*u - 3*o - 30 = -3*u, 3*u - 4*o = 29. Let n = 43 - 15. Let t be 2780/n - (-4)/(-14). Calculate the highest common divisor of t and u.
11
Suppose -3 + 2 = -g + 2*s, 4*s = -3*g + 53. Calculate the greatest common factor of 55 and g.
11
Let w = 1055 - 965. Let l be 1 + 1*-1 + 10. What is the greatest common divisor of w and l?
10
Suppose -5*t = -r + 70, -2*r + 2*t = -t - 126. Let g = -119 - -143. What is the greatest common factor of g and r?
12
Suppose -4*q + 2233 - 641 = 3*b, 0 = -4*b - 16. Suppose -5*s + q = 126. Calculate the highest common factor of s and 11.
11
L